atest common divisor of 84 and 8274.
42
Calculate the highest common factor of 1332 and 6012.
36
What is the highest common divisor of 21495 and 45?
15
Calculate the greatest common factor of 850 and 31400.
50
What is the highest common divisor of 52347 and 9?
3
Calculate the greatest common factor of 2 and 1460.
2
What is the highest common divisor of 3328 and 20480?
256
Calculate the highest common factor of 583919 and 14.
7
Calculate the greatest common divisor of 218949 and 177.
177
Calculate the greatest common factor of 694368 and 576.
288
What is the highest common factor of 87 and 20329?
29
Calculate the highest common divisor of 23512 and 24.
8
What is the highest common divisor of 1936 and 26356?
44
What is the greatest common divisor of 42 and 282?
6
What is the highest common factor of 3694852 and 28?
28
Calculate the highest common factor of 7104 and 222.
222
What is the highest common factor of 32 and 139856?
16
What is the greatest common factor of 9867 and 69?
69
Calculate the highest common factor of 471 and 1563249.
471
What is the highest common divisor of 174 and 4965438?
174
What is the highest common factor of 3717229 and 2229?
743
What is the highest common factor of 618635 and 5?
5
What is the highest common divisor of 23 and 112171?
23
Calculate the greatest common factor of 99 and 84117.
33
Calculate the highest common divisor of 156 and 102.
6
Calculate the highest common divisor of 17520 and 80.
80
Calculate the greatest common factor of 90 and 4010.
10
Calculate the highest common divisor of 4606 and 92512.
98
Calculate the greatest common factor of 1410 and 3270.
30
Calculate the greatest common factor of 12558 and 2912.
182
What is the highest common divisor of 6 and 10462?
2
What is the greatest common divisor of 22 and 452122?
22
Calculate the highest common factor of 8083 and 411.
137
What is the highest common divisor of 33048 and 168?
24
Calculate the greatest common divisor of 259912 and 1060.
212
What is the highest common divisor of 50 and 353725?
25
What is the highest common factor of 244 and 39223?
61
Calculate the greatest common factor of 7578 and 10566.
18
What is the highest common divisor of 10614 and 4350?
174
What is the greatest common factor of 182 and 622531?
91
What is the greatest common divisor of 590194 and 1112?
278
What is the greatest common factor of 1716 and 252291?
39
Calculate the highest common divisor of 3757850 and 1700.
850
Calculate the highest common divisor of 560 and 2086.
14
What is the highest common divisor of 3927 and 119493?
561
What is the highest common divisor of 63880 and 1220?
20
What is the highest common divisor of 32616 and 2376?
216
Calculate the greatest common divisor of 1769 and 7808.
61
Calculate the highest common divisor of 33576 and 6.
6
Calculate the greatest common factor of 438175 and 16496.
1031
What is the greatest common divisor of 23613 and 204?
51
What is the highest common factor of 397 and 436700?
397
What is the highest common divisor of 90708 and 264?
12
Calculate the greatest common divisor of 12 and 253148.
4
Calculate the greatest common factor of 59602 and 32.
2
What is the greatest common divisor of 558279 and 5336?
667
What is the greatest common factor of 602 and 29197?
301
Calculate the greatest common factor of 60951 and 495.
33
Calculate the highest common factor of 81052 and 2668.
92
What is the greatest common divisor of 12240 and 4743?
153
Calculate the highest common divisor of 29742 and 156.
6
What is the greatest common divisor of 209 and 1628?
11
Calculate the greatest common factor of 43665 and 1491.
213
Calculate the greatest common factor of 159 and 1842333.
159
What is the greatest common factor of 852 and 14772?
12
Calculate the highest common factor of 22487 and 199.
199
Calculate the highest common factor of 4011 and 25976.
191
Calculate the greatest common divisor of 351299 and 244.
61
Calculate the greatest common factor of 156458 and 4.
2
Calculate the highest common divisor of 16772 and 476.
28
What is the highest common divisor of 950 and 43130?
190
What is the highest common factor of 720 and 3760?
80
What is the greatest common divisor of 27072 and 774?
18
What is the greatest common divisor of 21 and 557578?
7
What is the greatest common factor of 35236 and 276?
92
What is the greatest common divisor of 507 and 14915940?
507
Calculate the greatest common factor of 1376 and 559.
43
What is the greatest common divisor of 6899 and 1?
1
Calculate the greatest common factor of 384622 and 15687.
581
What is the greatest common divisor of 282504 and 72?
24
Calculate the highest common factor of 3792044 and 1643.
1643
What is the greatest common factor of 50 and 1538975?
25
What is the greatest common factor of 6278251 and 2786?
1393
Calculate the greatest common factor of 3792274 and 2274.
758
What is the highest common divisor of 18 and 86931?
9
Calculate the highest common factor of 47022 and 54.
6
Calculate the highest common factor of 138339 and 2223.
171
What is the greatest common divisor of 39 and 36647?
13
Calculate the greatest common factor of 27240 and 390.
30
Calculate the greatest common factor of 122405 and 2.
1
What is the greatest common divisor of 273296 and 992?
496
Calculate the greatest common factor of 866139 and 122.
61
Calculate the highest common divisor of 2496660 and 60.
60
What is the highest common divisor of 1386 and 11382?
42
What is the highest common divisor of 27205 and 175?
5
What is the greatest common factor of 46209 and 11388?
219
Calculate the greatest common divisor of 530534 and 2786.
398
Calculate the greatest common divisor of 1218064 and 8.
8
Calculate the highest common factor of 510 and 14484.
102
Calculate the greatest common divisor of 150 and 1122450.
150
Calculate the highest common factor of 21735 and 30.
15
What is the greatest common factor of 770379 and 75312?
1569
Calculate the highest common divisor of 106 and 757158.
106
What is the highest common divisor of 636940 and 120?
20
What is the greatest common divisor of 9394 and 32186?
154
What is the greatest common factor of 350 and 745150?
350
Calculate the highest common factor of 136 and 11475.
17
What is the highest common divisor of 5496456 and 16?
8
Calculate the highest common factor of 2461 and 207.
23
What is the greatest common divisor of 5797 and 47872?
187
What is the highest common divisor of 341 and 121?
11
What is the highest common divisor of 33 and 1884421?
11
Calculate the greatest common divisor of 110 and 37150.
10
Calculate the greatest common factor of 5368 and 14421132.
2684
What is the highest common divisor of 609 and 1365?
21
What is the greatest common divisor of 378 and 177552?
54
Calculate the greatest common factor of 310245 and 1665.
555
What is the highest common divisor of 30786 and 147?
21
What is the greatest common divisor of 128 and 782464?
128
What is the greatest common factor of 56621 and 123?
41
Calculate the greatest common divisor of 160 and 50464.
32
What is the highest common divisor of 1003 and 6766?
17
Calculate the greatest common factor of 65 and 569283.
13
Calculate the greatest common divisor of 4050 and 168.
6
Calculate the highest common divisor of 770 and 2177010.
110
What is the highest common divisor of 272 and 45832?
136
What is the greatest common divisor of 117 and 3426267?
39
What is the highest common divisor of 6347 and 5193?
577
What is the greatest common factor of 342919 and 10438?
307
What is the greatest common divisor of 1704495 and 520?
65
What is the highest common divisor of 24240 and 3939?
303
Calculate the highest common factor of 173767 and 11.
11
Calculate the highest common factor of 5 and 13715215.
5
What is the greatest common divisor of 67334 and 1048?
262
Calculate the greatest common factor of 34968 and 4089.
141
Calculate the greatest common divisor of 340 and 1620.
20
What is the greatest common divisor of 4781 and 165969?
683
Calculate the highest common divisor of 538747 and 1462.
731
What is the greatest common divisor of 2838188 and 4?
4
Calculate the highest common factor of 101847 and 255.
51
What is the highest common divisor of 60574 and 248?
62
Calculate the highest common factor of 18883 and 3841.
23
What is the highes